
What is the remainder when 1618165 is divided by 1466?
1167
What is the remainder when 4577826 is divided by 4555?
51
Calculate the remainder when 27529 is divided by 79.
37
What is the remainder when 1446 is divided by 441?
123
What is the remainder when 186075374 is divided by 284?
278
What is the remainder when 1446218 is divided by 1415?
88
What is the remainder when 2495822 is divided by 1161?
833
What is the remainder when 48103 is divided by 24049?
5
What is the remainder when 3191804 is divided by 75983?
518
Calculate the remainder when 1365350 is divided by 254.
100
Calculate the remainder when 215063656 is divided by 466.
462
Calculate the remainder when 252600 is divided by 1004.
596
What is the remainder when 108778 is divided by 36231?
85
What is the remainder when 111505140 is divided by 37168363?
51
Calculate the remainder when 32683722 is divided by 145.
142
Calculate the remainder when 1707989 is divided by 2071.
1485
Calculate the remainder when 129280 is divided by 921.
340
Calculate the remainder when 491212 is divided by 3749.
93
Calculate the remainder when 12639720 is divided by 1988.
16
Calculate the remainder when 16969846 is divided by 14.
12
Calculate the remainder when 3066636 is divided by 228.
36
What is the remainder when 707970 is divided by 666?
12
What is the remainder when 8043755 is divided by 349721?
172
Calculate the remainder when 1336463 is divided by 412.
347
What is the remainder when 14049360 is divided by 1596?
1368
Calculate the remainder when 2819 is divided by 2655.
164
What is the remainder when 22222208 is divided by 5091?
5084
Calculate the remainder when 35549316 is divided by 7.
5
Calculate the remainder when 23040464 is divided by 1840.
1824
Calculate the remainder when 206658349 is divided by 1450.
1449
Calculate the remainder when 895826 is divided by 30.
26
What is the remainder when 164761941 is divided by 491?
17
What is the remainder when 20818783 is divided by 297?
271
What is the remainder when 3042135 is divided by 262?
53
What is the remainder when 81016 is divided by 447?
109
What is the remainder when 255383 is divided by 5690?
5023
Calculate the remainder when 81866 is divided by 2099.
5
Calculate the remainder when 1563996 is divided by 40.
36
What is the remainder when 3556007 is divided by 18?
17
What is the remainder when 38995 is divided by 3349?
2156
What is the remainder when 25827575 is divided by 13?
7
What is the remainder when 7172263 is divided by 655?
13
What is the remainder when 2962560 is divided by 1385?
45
What is the remainder when 71105467 is divided by 3820?
3807
Calculate the remainder when 478755 is divided by 7.
4
What is the remainder when 106704 is divided by 985?
324
Calculate the remainder when 227448594 is divided by 3341.
3337
What is the remainder when 23284 is divided by 175?
9
What is the remainder when 3376319 is divided by 36699?
11
What is the remainder when 5580340 is divided by 5783?
5528
What is the remainder when 389 is divided by 252?
137
What is the remainder when 175522 is divided by 21688?
2018
What is the remainder when 933141 is divided by 1550?
41
What is the remainder when 739654 is divided by 105622?
300
Calculate the remainder when 110159015 is divided by 158.
151
Calculate the remainder when 2181212274 is divided by 11.
10
What is the remainder when 93568 is divided by 46740?
88
Calculate the remainder when 100973 is divided by 25104.
557
What is the remainder when 97108 is divided by 32018?
1054
What is the remainder when 253607 is divided by 101?
97
Calculate the remainder when 15900534 is divided by 1036.
6
Calculate the remainder when 34348 is divided by 518.
160
What is the remainder when 1658857 is divided by 10842?
31
Calculate the remainder when 275747 is divided by 1421.
73
Calculate the remainder when 243719 is divided by 571.
473
What is the remainder when 22639377 is divided by 943307?
9
What is the remainder when 3514550 is divided by 271?
222
What is the remainder when 41703 is divided by 8246?
473
Calculate the remainder when 104591 is divided by 538.
219
What is the remainder when 2788210 is divided by 9715?
5
Calculate the remainder when 5155463 is divided by 16.
7
Calculate the remainder when 12429843 is divided by 3975.
18
Calculate the remainder when 5756398 is divided by 1918762.
112
What is the remainder when 5289167 is divided by 28?
23
Calculate the remainder when 23083160 is divided by 28219.
18
What is the remainder when 17476449 is divided by 4169?
1
What is the remainder when 44497078 is divided by 2812?
2802
Calculate the remainder when 33967 is divided by 310.
177
Calculate the remainder when 7430504 is divided by 878.
868
What is the remainder when 6843078 is divided by 739?
677
Calculate the remainder when 163008 is divided by 1051.
103
Calculate the remainder when 913935 is divided by 8378.
733
What is the remainder when 6041916 is divided by 27?
18
What is the remainder when 1982451 is divided by 1270?
1251
What is the remainder when 6311 is divided by 346?
83
Calculate the remainder when 92060457 is divided by 1805107.
0
What is the remainder when 5234143 is divided by 233?
31
Calculate the remainder when 1571968 is divided by 33.
13
What is the remainder when 127435 is divided by 376?
347
Calculate the remainder when 32679160 is divided by 184628.
4
Calculate the remainder when 526750 is divided by 526631.
119
What is the remainder when 10338319 is divided by 700?
19
Calculate the remainder when 90429 is divided by 90415.
14
What is the remainder when 769161 is divided by 2005?
1246
What is the remainder when 53919 is divided by 20395?
13129
What is the remainder when 12199 is divided by 3921?
436
Calculate the remainder when 406875 is divided by 1342.
249
What is the remainder when 400189 is divided by 802?
793
Calculate the remainder when 10462058 is divided by 73.
63
Calculate the remainder when 242620 is divided by 40358.
472
What is the remainder when 20541 is divided by 13212?
7329
What is the remainder when 136880 is divided by 45594?
98
Calculate the remainder when 4673456330 is divided by 68.
66
What is the remainder when 10325869 is divided by 5162933?
3
What is the remainder when 7680636 is divided by 142?
140
What is the remainder when 433175 is divided by 18036?
311
What is the remainder when 1242358 is divided by 5797?
1800
What is the remainder when 7641 is divided by 5603?
2038
Calculate the remainder when 28965831 is divided by 7241457.
3
What is the remainder when 390100 is divided by 27861?
46
What is the remainder when 783113 is divided by 4234?
4057
What is the remainder when 6437877 is divided by 51?
45
What is the remainder when 43724 is divided by 10763?
672
Calculate the remainder when 19156 is divided by 1384.
1164
Calculate the remainder when 4092761 is divided by 2442.
2411
Calculate the remainder when 2012692 is divided by 30.
22
Calculate the remainder when 4853692 is divided by 77.
74
What is the remainder when 1051841 is divided by 126?
119
What is the remainder when 2094766 is divided by 6406?
4
What is the remainder when 124118507 is divided by 284?
283
Calculate the remainder when 2901449 is divided by 967138.
35
What is the remainder when 2759338 is divided by 307?
22
Calculate the remainder when 368362 is divided by 23018.
74
Calculate the remainder when 68490598 is divided by 3165.
3163
What is the remainder when 17972425 is divided by 100?
25
What is the remainder when 614159542 is divided by 191?
188
Calculate the remainder when 195107 is divided by 731.
661
Calculate the remainder when 15053834 is divided by 3763453.
22
Calculate the remainder when 173466 is divided by 2576.
874
Calculate the remainder when 89144 is divided by 1621.
1610
What is the remainder when 45983205 is divided by 2290?
5
Calculate the remainder when 69661333 is divided by 293.
290
Calculate the remainder when 600861 is divided by 151.
32
What is the remainder when 26238229 is divided by 170378?
17
What is the remainder when 52414 is divided by 321?
91
What is the remainder when 5925411 is divided by 623?
58
What is the remainder when 6430040 is divided by 236?
220
Calculate the remainder when 1759291 is divided by 258.
247
What is the remainder when 8264756 is divided by 28